ate f(u).
13
Let n(y) be the first derivative of -y**3/3 - 4*y**2 + 6*y + 1657. Calculate n(-8).
6
Suppose -48 = 5*h - 8. Suppose -4*d - q + 5 = -3*d, -2*q = -5*d + 60. Let n(k) = 9*k**2 - 20*k**3 + d*k + 11 + 16*k**3 + 5*k**3 + 0*k**2. Give n(h).
-5
Let f(m) = 596*m - 19705. Let n(t) = 31*t - 1037. Let y(w) = -2*f(w) + 39*n(w). Give y(61).
4
Let r(a) = -a**3 - 5*a**2 - 8*a + 2. Let f be r(-3). Let d(i) = i + f + 0*i + 3*i - 6*i. Determine d(6).
-4
Let a = 456 + -452. Let n(u) = 0*u - a*u + 1 + 2*u + u. Calculate n(-4).
5
Let r(v) = -24*v**3 - 20*v**2 - 73*v + 8. Let p(z) = 17*z**3 + 13*z**2 + 49*z - 5. Let o(x) = -7*p(x) - 5*r(x). Determine o(-7).
-61
Let u(v) = v**3 + 6*v**2 - 5*v. Let o be 8/28 - (20/210)/((-2)/(-153)). What is u(o)?
-14
Let p(j) = 30*j + 232. Let m be p(-8). Let i(z) = -z**3 - 7*z**2 - 21. Give i(m).
43
Suppose -30 = -6*x + 16*x. Let g be (-1)/((0 - 1) + 4/8). Let l(k) = 4*k**g - 13*k**2 - 3*k + 8*k**2. Determine l(x).
0
Let z(l) = -l + 2. Suppose 14 = -2*i + 32. Suppose -i*j = -4*j + 5. Let b be 66/11 + j + 1. Give z(b).
-4
Let l(u) be the second derivative of -11*u**3/6 + 40*u. Let i be 10/(-4)*(64/(-10))/4. What is l(i)?
-44
Let l(u) = 4 + 73*u - 95*u - 5*u. Calculate l(-2).
58
Let j(h) = -h**3 - 5*h**2 - 3*h + 1. Let a be j(-5). Let v = 11 - a. Let n(f) = -3*f - 3. Let y(u) = u**2 + 43*u + 41. Let r(d) = -12*n(d) - y(d). Give r(v).
5
Let c(n) be the first derivative of -5*n**3/3 - 5*n**2 - 25*n - 5351. Determine c(-3).
-40
Let g be (6/12)/(11/(132/18)). Let h(i) be the third derivative of 0*i + 0 + 0*i**3 - g*i**4 - 14*i**2. Calculate h(1).
-8
Let q = 244 + -565. Let m = 317 + q. Let x(s) = -2*s - 5. What is x(m)?
3
Let l(n) = n**2 - 1. Let u(w) = -4*w**2 + 8*w - 4. Let c be (-6)/(-16) + (-170)/(-16). Let s(v) = -3*v + 30. Let x be s(c). Let a(r) = x*l(r) - u(r). Give a(6).
-5
Let t be 2/(1/(-134)*(-20)/(-15)). Let m = -194 - t. Let u(b) = -b**2 + 8*b - 4. What is u(m)?
3
Let q(c) be the second derivative of -c**3/3 + c**2/2 - c. Let t(z) = -2*z + 1. Let l be (-48)/40*5/1. Let n(x) = l*q(x) + 5*t(x). Give n(1).
1
Let z(w) be the second derivative of -1/2*w**2 + 34*w - 1/6*w**3 + 0. Calculate z(-8).
7
Let m(a) = -573 + 1153 - 644 - 13*a. Determine m(-6).
14
Let r(t) = 459*t + 439*t - 897*t + 34. Give r(-18).
16
Let n(o) = -o. Let p be ((-2)/4)/((-32)/320). Let x(z) = 42*z - 202. Let d be x(p). Give n(d).
-8
Suppose -3*g - 69*i = -78*i + 120, -4*i + 20 = 0. Let o(n) = -n**2 - 17*n + 198. Determine o(g).
-2
Let x(a) = -4*a + 12. Let g(u) be the first derivative of -5*u**2/2 + 12*u - 36. Let z(i) = 5*g(i) - 6*x(i). Let o be (-148)/24 - (-1)/6. Give z(o).
-6
Suppose -5*k + z = -0*z + 28, 5*k + 16 = -3*z. Let n(s) be the first derivative of -4*s**2 - 6*s + 19 + 5*s**2 - 3*s**2 - 4. Give n(k).
14
Let s(y) = -y. Let f be s(-5). Let h(i) = -142*i + 646*i**2 + 1 - 1931*i**2 + 639*i**2 + 145*i + 1 + 644*i**2. Determine h(f).
-33
Let g(c) = c**3 + 20*c**2 - 3*c - 45. Suppose -12*o + 2*s - 104 = -7*o, -4*s + 28 = -o. Determine g(o).
15
Let d be (18/(-5))/3*(-20)/12. Let k(s) be the first derivative of 1/3*s**3 + s**2 - 3*s - 1. Give k(d).
5
Let x = -29746/5 - -59497/10. Let b(q) be the first derivative of 33 + x*q**2 - 4*q. Give b(3).
-1
Let k(u) = -u - 8. Let f be k(-8). Suppose 25 = -l - 2*b, f*b - 3 = -b. Let g = -33 - l. Let a(o) = -o**3 - 2*o**2 - 2. Give a(g).
-2
Let c(n) = -n**2 + 5*n - 5. Let p = 232 - 127. Suppose 3*b + 5*y + 31 - 10 = 0, 2*b - 4*y = 8. Let s be (-4)/22 - (p/(-33) + b). Give c(s).
-5
Let l = -46 - -50. Let d(j) = -4*j**3 - j**2 - 2*j. Let t(w) = 3*w**3 + 2*w - 1. Let k(a) = l*d(a) + 5*t(a). Calculate k(-5).
10
Let r(p) = 3 - 182*p - 223*p + 404*p. Suppose 14 + 7 = 3*f. Suppose v + 2 = f. Give r(v).
-2
Let w(d) = 5*d**2 - 874*d**3 + 450*d**3 + 425*d**3 + 8*d**2 - 3*d - 33. Calculate w(-13).
6
Let g(l) = -1 - 2 + 23*l + 4. Suppose 5*j + 5*f - 322 = 63, 0 = -4*j + 3*f + 287. Let i = j + -73. Determine g(i).
24
Let b(f) = -f + 28. Let i be b(-10). Let t = 38 - i. Suppose t = -7*u - 0*u + 70. Let c(z) = z**2 - 10*z + 3. What is c(u)?
3
Let y(x) = -5*x**3 + 10*x**3 - 2*x - 6*x**3 + 1019*x**2 - 3 - 1022*x**2. Suppose -2*u - 6 + 31 = -5*n, -5*u + 25 = 0. Calculate y(n).
3
Let q(j) = 22*j - 31. Let n(r) = 16*r - 15. Let x(d) = 7*d - 7. Let w(i) = 4*n(i) - 10*x(i). Let g(m) = -2*q(m) - 7*w(m). What is g(-8)?
8
Let o(a) = a**2 - 4*a - 8. Let k be o(6). Let l(m) = -5*m - 3. Let h(c) = -2*c + 0 - 4*c + 2 + 1 - 8. Let z(n) = 4*h(n) - 5*l(n). Determine z(k).
-1
Let x be 12/16 + 580/16. Suppose 37 = -x*o - 259. Let w(k) = -k**2 - 9*k - 14. Give w(o).
-6
Let p(z) be the third derivative of z**4/24 - z**3/3 + 5703*z**2. Let b = -1 + 8. What is p(b)?
5
Suppose f = 0, -3*f - 18 = -3*s + f. Let t(u) = -23*u + 4. Let h(x) = -6*x - 1. Let m(n) = -7*h(n) + 2*t(n). Determine m(s).
-9
Let s(k) = 5*k - 6 + 2 - 17 + 3 - k. Calculate s(-27).
-126
Let l(t) = t**3 - 9*t**2 - 11*t + 11. Suppose -5*v - 2208 = -2213, 4*q + 3*v - 39 = 0. Determine l(q).
-88
Let f(k) be the third derivative of k**5/60 + k**4/24 + 17*k**2 - 33*k. Suppose 0 = z + 2*z - 6. Let c be f(z). Let j(a) = a - 13. Give j(c).
-7
Suppose -3*b - 43 = -5*q, 20 = b - q + 29. Let a(k) = 25*k**2 - 22*k - 23. Calculate a(b).
24
Let j(c) = c**2 - c - 19. Suppose v - u + 2 - 8 = 0, 2*u = 6. Calculate j(v).
53
Let k(x) = 10*x + 94. Let q(f) = -8*f - 225. Let v be q(-27). Calculate k(v).
4
Let g(w) = w**2 - 17*w + 10. Let a(i) = 45*i - 574. Let m be a(0). Let t = m - -589. Give g(t).
-20
Let h(a) = a**2 + 19*a - 20. Suppose -25*b = -146*b - 59*b - 3420. Calculate h(b).
-20
Let r(h) = -h**3 - 11*h**2 + 11*h - 2. Suppose 0 = -4*t - 12*t - 144. Let g(o) = -o**3 - 9*o**2 + 5*o + 33. Let y be g(t). What is r(y)?
10
Let z(x) = -11*x**3 + 9*x**2 + 5*x - 72. Let o(w) = -8*w**3 + 8*w**2 + 4*w - 61. Let r(k) = 6*o(k) - 5*z(k). Give r(-2).
-48
Suppose 9*n - 11*n + 10 = 0. Let m(l) = 6*l + 0 - 6 + n*l - 1 - 13*l. Calculate m(-3).
-1
Let g(a) be the second derivative of a**5/20 + a**4/4 + a**3/3 + 5*a**2 - 67*a. What is g(-3)?
4
Suppose 2*v = 6*g - 9*g + 38, -5*g - 3*v + 62 = 0. Let j(m) = -18*m + 6*m + 8 + 16*m + g - m**2 - 3. Give j(7).
-6
Let i(o) = -o**3 + 3*o**2 + o. Let p(t) = -3*t**2 - t + t**3 - t - 15 + t + 2*t**2. Let u be p(0). Let x be (-5)/u - (-55)/15. Give i(x).
-12
Let n = 171 + -121. Let a be n/(-75) + (-70)/(-6). Let v(y) = 3*y**2 + 19*y - 20. Let m(u) = -u**2 - 6*u + 7. Let l(d) = a*m(d) + 4*v(d). What is l(-9)?
-12
Let n(r) = -4*r**2 - 49*r + 9. Let i(x) = -7*x**2 - 88*x + 9. Let s(b) = 3*i(b) - 5*n(b). What is s(-17)?
16
Let l(q) = 5*q**2 + 23*q + 20. Let y(g) = 4*g**2 + 22*g + 24. Let f(i) = -3*l(i) + 4*y(i). Calculate f(-17).
2
Let d be (-19)/(38/(-48)) + -3. Let j(i) = d*i - 25*i - 5 + 6*i. Calculate j(-9).
-23
Let r(s) be the third derivative of -s**5/60 + 11*s**4/24 + 16*s**3 - 3552*s**2. What is r(-6)?
-6
Let x(r) be the third derivative of 3*r**4/8 + 14*r**3/3 - 21*r**2 - 97. Determine x(12).
136
Let i = -55 - -62. Suppose 0 = t - i*t + 12. Let r(g) = 4*g**t + 0*g - 1 - 3*g - 3*g**2. Calculate r(4).
3
Let a(l) = 11*l - 76. Suppose 0*u + 28*u - 312 = -11*u. Give a(u).
12
Let a(i) = i**2 - 4*i + 1. Suppose -4*n - 16 = 4*f, 5*f = -0*n - 2*n - 8. Let v be n*3*1/(-4). Determine a(v).
-2
Let u(l) be the first derivative of 6*l**2 + 2*l - 1440. What is u(2)?
26
Let u(c) be the third derivative of 89*c**4/24 - 349*c**3/3 - 96*c**2 + 12*c - 1. Calculate u(8).
14
Let x(j) = 3*j - 14. Let f(i) = -8*i + 26. Let k(t) = 2*f(t) + 5*x(t). Give k(-8).
-10
Let x(j) be the first derivative of j**4/12 - 5*j**3/6 - 4*j**2 - 3*j - 84. Let u(f) be the first derivative of x(f). Determine u(7).
6
Suppose 26 = 7*g + 6*g. Suppose -12 = -g*s - 4*d, -5*s - 4*d + 20 = -s. Let w(o) = 0 - s*o - 1 + 0 + 2*o. Calculate w(6).
-13
Let d(l) = 1222*l - 42. Let j(a) = 1711*a - 61. Let w(s) = 14*d(s) - 10*j(s). Let k = 4 - -13. Determine w(k).
-12
Suppose 9*u = -u + 20. Let i(j) = 59*j - 31*j + j**u - 19*j. Determine i(-4).
-20
Let w be (-8)/(-12) - 16/24. Let s(i) be the third derivative of -1/60*i**5 + w*i + 1/12*i**4 + 0 - 4*i**2 + 0*i**3. Determine s(2).
0
Suppose 13*n + 60 = 18*n. Suppose -i - 65 = n*i. Let l be 2/(i - (-5 + 4))*-12. Let t(v) = -v + 1. Calculate t(l).
-5
Let v(j) = -10*j**3 - 12